 + 4*t**3/3 + t**2/2 - 3*t + 17. Calculate d(4).
1
Let c = -7 - 4. Let k = c - -6. Let d(t) = t**3 + 6*t**2 + 4*t - 6. Calculate d(k).
-1
Let c = -19 - -23. Let u(z) = -c*z + 5 - 2*z**2 + z**2 + 0*z**2. Let v = 8 - 13. Give u(v).
0
Suppose -11 = 3*o + 4. Let m(a) be the first derivative of 0 - a**2 + 2 - 2*a + 0*a**2. Give m(o).
8
Let z(l) be the second derivative of l**4/12 - 5*l**3/6 - 13*l. Calculate z(4).
-4
Suppose -3*c + c - 16 = 0. Let p = c - -9. Let y(g) = 1 - 3*g - 5 - p + 2*g. What is y(-6)?
1
Let v(k) = -k**3 - 4*k**2 + 4. Let n be v(-3). Let w(l) be the second derivative of 0 + 4*l - 5/2*l**2 - 1/6*l**3. Give w(n).
0
Let t(o) = 4*o - 21. Let q be t(4). Let n(v) = v**2 + 5*v + 6. Determine n(q).
6
Let l(o) = o**2 - 8*o - 7. Let d be (-2*2)/((-2)/4). Determine l(d).
-7
Let s(v) = v**2 - 5*v. Suppose -i + 8 = -0*i. Suppose 2*t - i = -2. Calculate s(t).
-6
Suppose -3*u + 8 = 5*m, u = -2*u - 4*m + 4. Let t be 14/28 - 18/u. Let z(h) = h**2 - 6*h - 2. Calculate z(t).
-7
Let o(m) be the third derivative of 1/10*m**5 - 5/24*m**4 - m**3 - 1/120*m**6 + 0*m + 0 + m**2. Determine o(5).
-6
Suppose -5*q + 25 = -0. Suppose -2*p - 5 = 3*s - 2*s, 4*s + 3*p - q = 0. Let j(v) = s - 2*v + 2*v + v + v. Determine j(-5).
-5
Let w(y) = -y - 2. Let u(o) = -o - 3. Let k(h) = -3*u(h) + 4*w(h). Determine k(4).
-3
Let z(u) = -3*u + 5. Let h(b) = 5*b - 9. Let w(m) = -4*h(m) - 7*z(m). Give w(-2).
-1
Let s = 8 + -8. Let g(o) = s - 4*o + 4*o**2 + o + 2*o**3 - 4 - 3*o**3. Give g(3).
-4
Let h(d) = 3*d - 6*d + 2*d. Suppose 0 = 3*p - i + 5, 0 = -p + 3*p - i + 2. Determine h(p).
3
Let i(q) = q**2 + 2*q - 6. Let f be i(-3). Let v(m) = 2*m**3 + 3*m**2 - 3*m + 3. What is v(f)?
-15
Let j(m) = -3*m - 2. Let n be 3/(-3*(-5)/10). Determine j(n).
-8
Let w be ((-2)/(-6))/((-16)/96). Let m(a) be the second derivative of -a**3/2 - a**2 + a. Give m(w).
4
Let m = -33 - -33. Let k(c) = -c - 1. What is k(m)?
-1
Let z(r) = -4*r**3 - 4*r**2 - 4*r - 3. Let x(j) = 5*j**3 + 4*j**2 + 4*j + 4. Let y(c) = -3*x(c) - 4*z(c). Give y(-3).
-3
Let d(u) = -u**2 + 8*u - 8. Let s be d(6). Let t(p) = -9*p + 12*p - 1 - s + 2*p**2. Give t(-4).
15
Let i(z) = z**3 - 7*z**2 + 5*z + 2. Let r be i(6). Let d(v) = 2*v - 4. Let p(m) = -m + 1. Let f(c) = -d(c) - 5*p(c). Give f(r).
-13
Let s(t) = t**3 - 5*t**2 - 7*t + 9. Let j be s(6). Let i be (2/(-3) + -1)*j. Let y(q) = -4*q - 5. Let o(z) = z + 2. Let w(f) = -7*o(f) - 2*y(f). Calculate w(i).
-9
Let t(s) be the first derivative of 1/3*s**3 + 2 - 2*s**2 + 6*s. Let y be (-3 - -12) + 4/(-1). What is t(y)?
11
Let q(a) be the first derivative of 4*a**4 - a**2/2 - 5. Give q(1).
15
Suppose -14 = 5*u + 3*d, -2*u + d - 2 + 3 = 0. Let w = u + 2. Let c = -6 + w. Let j(o) = -3*o - 7. Determine j(c).
8
Let i = 1 + 4. Let y(u) be the third derivative of u**5/120 - u**4/24 + 2*u**3/3 + 6*u**2. Let v(j) be the first derivative of y(j). Determine v(i).
4
Let t(u) = -u**2 - 3*u + 4. Let i(o) = 3*o + 8. Let g be i(-4). Give t(g).
0
Let i = -14 - -17. Let w(j) be the second derivative of -1/3*j**i + j + 0 - 3/2*j**2. What is w(-5)?
7
Let m(i) = 173*i + 167*i - 341*i - 1. Give m(-6).
5
Let n = 67 + -68. Let t(f) = 7*f + 1. Determine t(n).
-6
Let b(q) = -2*q**3 - q**2 + 1. Let h be b(-1). Let n(m) = -1 + h*m**3 - 3*m**3 - 4*m**2 - 1. Calculate n(-4).
-2
Let g(u) = -4*u**2 - u + 7. Let m(z) = -z**2 + z - 1. Let o(v) = g(v) - 3*m(v). What is o(-7)?
-11
Let g(q) = -15*q**3 - q**2 - q + 1. Suppose 6 = 4*u + 2. Determine g(u).
-16
Suppose -10 = -2*v - 2. Let o = -2 + 6. Let h(n) = -2*n + n**3 - o*n**2 - 6 + 5*n + 3. Calculate h(v).
9
Let j(g) = g**3 - g**2 - g + 1. Let r be j(2). Let p(z) be the second derivative of 0 - 2*z - 1/3*z**r - 2*z**2. Give p(-3).
2
Let r(n) = -4*n**3 + 8*n**2 + 2*n - 4. Let b(y) = 9*y**3 - 17*y**2 - 5*y + 8. Let u(v) = -3*b(v) - 7*r(v). What is u(4)?
-8
Suppose 8*v = 3*v - z - 10, 0 = 2*v - 3*z + 21. Let n(a) = -a**2 - 4*a + 4. What is n(v)?
7
Let h(f) = f - 3*f**2 + 1 + 8*f**2 + 5*f + f**3. Let s(r) = -3*r**2 + 2*r + 1. Let j be s(-1). Let w = j - 0. Calculate h(w).
-7
Let m(c) be the first derivative of c**3/3 + 7*c**2/2 + 2*c + 1. Let d = 12 - 27. Let l = 10 + d. What is m(l)?
-8
Let z be (-100)/(-36) - 4/(-18). Let u(b) = -1 + 4 - z + b**2 - b. Determine u(2).
2
Let t(q) = 2*q - 8. Let l(i) = -1. Let z(j) = 18*l(j) - 2*t(j). Determine z(2).
-10
Let m(g) be the third derivative of -g**7/1260 - g**6/180 + g**5/120 + g**4/6 + 4*g**2. Let u(i) be the second derivative of m(i). What is u(-3)?
-5
Suppose -2*m - 7 = i, -m = 4*m + 4*i + 10. Let n(w) = -w + 1. Give n(m).
7
Let g(r) = 5*r**2 - r**3 + r - 4 + 3*r - 5*r - 2*r. What is g(3)?
5
Let i(k) = -k**2 - k + 5. Let f be i(0). Let x be ((-2)/5)/(1/(-10)). Let b(g) = -g - x*g + 3 + 4*g. Give b(f).
-2
Suppose -4*h + s = -2 + 9, -s = 1. Let a(t) = 2*t**3 + 3*t**2 + 3*t + 2. Determine a(h).
-8
Let k = -7 + 14. Suppose u = -2 + k. Let f(o) = o**3 - 6*o**2 + 6*o + 2. Calculate f(u).
7
Let l = 151 - 159. Let y(m) be the second derivative of m**4/12 + m**3 - 11*m**2/2 - 2*m. What is y(l)?
5
Let y(b) = -4. Let h(w) = -w + 5. Let i(f) = -4*h(f) - 5*y(f). Give i(2).
8
Let j(k) = 2*k - 1. Let x be (1/(-3) - 1)*-3. Suppose -1 = o - x. Suppose 1 = o*s - 5. Give j(s).
3
Suppose k = -4*q - 6 + 17, 5*k = -q + 17. Let j(l) be the second derivative of 0 + 3/2*l**q - 3*l + 1/3*l**3. Determine j(-4).
-5
Let n(z) be the second derivative of z**4/6 + z**3/2 + z**2 - 5*z. Let u(p) = -p**2 - 8*p - 9. Let f be u(-7). Determine n(f).
4
Let g(h) = -12*h**3 + 5*h**2 + 4. Let u(l) = -23*l**3 + 9*l**2 + 7. Let v be (6/3)/(-2)*4. Let w(i) = v*u(i) + 7*g(i). Let q = 1 + 0. Determine w(q).
7
Let x = 8 + -2. Let k(n) = 3*n + 2. What is k(x)?
20
Let t(q) be the third derivative of -q**4/24 + q**3 - 9*q**2. Give t(6).
0
Let s(u) = -u + 4. Let w(g) = -g**2 + 1. Let o be w(-1). Suppose 0*i - i = o. Let z be s(i). Let f(r) = r - 4. Calculate f(z).
0
Suppose -15 = -3*u, -h = u + 4*u - 28. Let r(g) = h*g - 1 + 2*g**2 - g**2 + 0*g**2 + 2. Determine r(-4).
5
Suppose -w + 2*w - 2 = 0. Let u(b) = w*b + b**2 - 2 + 3*b - 5*b + b. Calculate u(0).
-2
Let j(u) = -7*u. Let v(c) = 14*c + 1. Let h(g) = -5*j(g) - 3*v(g). Suppose -1 = -4*x - 9. Give h(x).
11
Let b = -3 - -3. Suppose 5*v + 4*a + b*a - 18 = 0, 10 = 5*a. Let y(x) = -1 + v - x - x - 3*x. Give y(2).
-9
Let x(d) = 3 + 2*d - 3*d + d**2 - 5*d + 5*d. Give x(-3).
15
Let b(c) = -c**3 - 3*c**2 + 2*c - 3. Let u = -20 - -28. Suppose 4*d = -u - 8. Give b(d).
5
Let r(m) = 1 - 4*m - 3*m + 3*m - m**2. Suppose 3*u - 2*g - 7 = 0, 3*g + 2*g - 30 = -2*u. Suppose -2*x + 3*t = 2*x, 5*t + u = 5*x. What is r(x)?
4
Let d(w) = -3*w + 6. Suppose -5*j + 38 = -3*i, 2*j - 36 = -3*j + i. Let y be (-1)/(-2) + j/2. Give d(y).
-6
Let g(f) = f**3 - f**2 + f - 4. Let u = -64 - -64. What is g(u)?
-4
Suppose -a = -4*z - 11, z = a + 2*z - 1. Let b(m) be the third derivative of -1/6*m**a + 1/12*m**4 + 0*m - 3*m**2 + 0 + 1/20*m**5. Determine b(1).
4
Let s(n) = 3*n - 46*n**2 + 101*n**2 - 52*n**2. Give s(-2).
6
Let l(m) be the first derivative of -2*m - m - 3*m**2 - 4*m**2 + 3 + 6*m**2. Let w = -6 + 2. Give l(w).
5
Let p(q) = -3*q - 3*q**2 + q**3 + 212 - 212. Let d = 10 + -7. Give p(d).
-9
Let z(f) = -f**3 - 8*f - 7. Let d(y) = 2*y**3 + y**2 + 15*y + 13. Let h(i) = 3*d(i) + 5*z(i). Let n be (-4)/30 + (-301)/105. What is h(n)?
-11
Suppose -4*r = -11*r - 21. Let d(m) = -m + 5*m**3 - 9*m**2 - 5*m - m + 1. Let f(v) = 4*v**3 - 8*v**2 - 6*v + 1. Let b(a) = 5*d(a) - 6*f(a). Determine b(r).
-4
Let q(p) = -6*p**2 - 4*p - 5. Let n(u) = u**2 + u + 1. Let i(w) = -3*n(w) - q(w). Determine i(-2).
12
Let l(k) be the first derivative of -k**3/3 - 5*k**2 - 8*k - 1. Give l(-9).
1
Suppose 320 = -2*w + 7*w. Let i be 2/(-3) - w/(-24). Let c(l) be the second derivative of l**3/6 - l**2/2 - l. What is c(i)?
1
Let q be -5 + 8 - -3*(-1 + 0). Let s(b) = b**2 - b + 6. What is s(q)?
6
Let y = -14 + 8. Let z(r) = -r**3 - 7*r**2 - 7*r - 3. Give z(y).
3
Let p(m) = 7*m**2 - 3*m - 15. Suppose -2*i - 20 + 4 = 0. Let v(q) = -11*q**2 + 4*q + 23. Let t(h) = i*p(h) - 5*v(h). Suppose -5 - 7 = -3*g. Calculate t(g).
5
Suppose -3*u = -7*u + 12. Let f(q) be the third derivative of 0 + q**2 - 11/6*q**u + 1/24*q**4 + 0*q. Give f(6).
-5
Let b(h) = h**3 + 6*h**2 - 7*h + 3. Suppose z + 4 